{"id":2571,"date":"2020-10-13T12:14:24","date_gmt":"2020-10-13T09:14:24","guid":{"rendered":"https:\/\/www.dehas.com.tr\/?page_id=2571"},"modified":"2021-10-07T22:49:29","modified_gmt":"2021-10-07T19:49:29","slug":"hakkimizda","status":"publish","type":"page","link":"https:\/\/www.dehas.com.tr\/insaat\/hakkimizda\/","title":{"rendered":"Hakk\u0131m\u0131zda"},"content":{"rendered":"<h3 style=\"text-align: justify;\"><span style=\"color: #000000;\">Hakk\u0131m\u0131zda<\/span><\/h3>\n<p style=\"text-align: justify;\"><span style=\"font-size: 12pt; color: #000000;\"><strong>DEHAS\u00ae\ufe0f<\/strong> 1998 y\u0131l\u0131nda kurulmu\u015f olup; konut, hastane, otel in\u015faatlar\u0131 konusundan bilgi ve birikimini artt\u0131rarak uzun y\u0131llard\u0131r \u00e7al\u0131\u015fmalar\u0131na devam etmektedir.<\/span><\/p>\n<p>&nbsp;<\/p>\n<h3 style=\"text-align: justify;\"><span style=\"color: #000000;\">Vizyon &amp; Misyon<\/span><\/h3>\n<p style=\"text-align: justify;\"><span style=\"font-size: 12pt; color: #000000;\">\u015eirketimizin misyonu, sahip oldu\u011fu tecr\u00fcbeyi ve bilgi birikimini m\u00fc\u015fteri odakl\u0131l\u0131k ilkesiyle birle\u015ftirerek kaliteli hizmet sunmakt\u0131r.<\/span><\/p>\n<p>&nbsp;<\/p>\n<p>&nbsp;<\/p>\n<p>&nbsp;<\/p>\n<p>&nbsp;<\/p>\n<p>&nbsp;<\/p>\n<p>&nbsp;<\/p>\n","protected":false},"excerpt":{"rendered":"<p>Hakk\u0131m\u0131zda DEHAS\u00ae\ufe0f 1998 y\u0131l\u0131nda kurulmu\u015f olup; konut, hastane, otel in\u015faatlar\u0131 konusundan bilgi ve birikimini artt\u0131rarak uzun y\u0131llard\u0131r \u00e7al\u0131\u015fmalar\u0131na devam etmektedir. &nbsp; Vizyon &amp; Misyon \u015eirketimizin misyonu,<span class=\"excerpt-hellip\"> [\u2026]<\/span><\/p>\n","protected":false},"author":1,"featured_media":0,"parent":0,"menu_order":0,"comment_status":"closed","ping_status":"closed","template":"","meta":{"footnotes":""},"class_list":["post-2571","page","type-page","status-publish","hentry"],"yoast_head":"<!-- This site is optimized with the Yoast SEO plugin v24.0 - https:\/\/yoast.com\/wordpress\/plugins\/seo\/ -->\n<title>Hakk\u0131m\u0131zda &#8211; DEHAS\u00ae<\/title>\n<meta name=\"description\" content=\"Hakk\u0131m\u0131zda DEHAS\u00ae\ufe0f 1998 y\u0131l\u0131nda kurulmu\u015f olup; konut, hastane, otel in\u015faatlar\u0131 konusundan bilgi ve birikimini artt\u0131rarak uzun y\u0131llard\u0131r \u00e7al\u0131\u015fmalar\u0131na\" \/>\n<meta name=\"robots\" content=\"index, follow, max-snippet:-1, max-image-preview:large, max-video-preview:-1\" \/>\n<link rel=\"canonical\" href=\"https:\/\/www.dehas.com.tr\/insaat\/hakkimizda\/\" \/>\n<meta property=\"og:locale\" content=\"tr_TR\" \/>\n<meta property=\"og:type\" content=\"article\" \/>\n<meta property=\"og:title\" content=\"Hakk\u0131m\u0131zda &#8211; DEHAS\u00ae\" \/>\n<meta property=\"og:description\" content=\"Hakk\u0131m\u0131zda DEHAS\u00ae\ufe0f 1998 y\u0131l\u0131nda kurulmu\u015f olup; konut, hastane, otel in\u015faatlar\u0131 konusundan bilgi ve birikimini artt\u0131rarak uzun y\u0131llard\u0131r \u00e7al\u0131\u015fmalar\u0131na\" \/>\n<meta property=\"og:url\" content=\"https:\/\/www.dehas.com.tr\/insaat\/hakkimizda\/\" \/>\n<meta property=\"og:site_name\" content=\"DEHAS\u00ae\" \/>\n<meta property=\"article:publisher\" content=\"https:\/\/www.facebook.com\/pages\/category\/Medical-Company\/Dehas-Medikal-Gaz-Teknik-Ltd-%c5%9eti-130664927073299\/\" \/>\n<meta property=\"article:modified_time\" content=\"2021-10-07T19:49:29+00:00\" \/>\n<meta name=\"twitter:card\" content=\"summary_large_image\" \/>\n<meta name=\"twitter:label1\" content=\"Tahmini okuma s\u00fcresi\" \/>\n\t<meta name=\"twitter:data1\" content=\"1 dakika\" \/>\n<script type=\"application\/ld+json\" class=\"yoast-schema-graph\">{\"@context\":\"https:\/\/schema.org\",\"@graph\":[{\"@type\":\"WebPage\",\"@id\":\"https:\/\/www.dehas.com.tr\/insaat\/hakkimizda\/\",\"url\":\"https:\/\/www.dehas.com.tr\/insaat\/hakkimizda\/\",\"name\":\"Hakk\u0131m\u0131zda &#8211; DEHAS\u00ae\",\"isPartOf\":{\"@id\":\"https:\/\/www.dehas.com.tr\/insaat\/#website\"},\"datePublished\":\"2020-10-13T09:14:24+00:00\",\"dateModified\":\"2021-10-07T19:49:29+00:00\",\"description\":\"Hakk\u0131m\u0131zda DEHAS\u00ae\ufe0f 1998 y\u0131l\u0131nda kurulmu\u015f olup; konut, hastane, otel in\u015faatlar\u0131 konusundan bilgi ve birikimini artt\u0131rarak uzun y\u0131llard\u0131r \u00e7al\u0131\u015fmalar\u0131na\",\"breadcrumb\":{\"@id\":\"https:\/\/www.dehas.com.tr\/insaat\/hakkimizda\/#breadcrumb\"},\"inLanguage\":\"tr\",\"potentialAction\":[{\"@type\":\"ReadAction\",\"target\":[\"https:\/\/www.dehas.com.tr\/insaat\/hakkimizda\/\"]}]},{\"@type\":\"BreadcrumbList\",\"@id\":\"https:\/\/www.dehas.com.tr\/insaat\/hakkimizda\/#breadcrumb\",\"itemListElement\":[{\"@type\":\"ListItem\",\"position\":1,\"name\":\"Ana sayfa\",\"item\":\"https:\/\/www.dehas.com.tr\/insaat\/\"},{\"@type\":\"ListItem\",\"position\":2,\"name\":\"Hakk\u0131m\u0131zda\"}]},{\"@type\":\"WebSite\",\"@id\":\"https:\/\/www.dehas.com.tr\/insaat\/#website\",\"url\":\"https:\/\/www.dehas.com.tr\/insaat\/\",\"name\":\"DEHAS\u00ae\",\"description\":\"\",\"publisher\":{\"@id\":\"https:\/\/www.dehas.com.tr\/insaat\/#organization\"},\"potentialAction\":[{\"@type\":\"SearchAction\",\"target\":{\"@type\":\"EntryPoint\",\"urlTemplate\":\"https:\/\/www.dehas.com.tr\/insaat\/?s={search_term_string}\"},\"query-input\":{\"@type\":\"PropertyValueSpecification\",\"valueRequired\":true,\"valueName\":\"search_term_string\"}}],\"inLanguage\":\"tr\"},{\"@type\":\"Organization\",\"@id\":\"https:\/\/www.dehas.com.tr\/insaat\/#organization\",\"name\":\"DEHAS\u00ae\",\"url\":\"https:\/\/www.dehas.com.tr\/insaat\/\",\"logo\":{\"@type\":\"ImageObject\",\"inLanguage\":\"tr\",\"@id\":\"https:\/\/www.dehas.com.tr\/insaat\/#\/schema\/logo\/image\/\",\"url\":\"https:\/\/www.dehas.com.tr\/wp-content\/uploads\/2020\/10\/logo.png\",\"contentUrl\":\"https:\/\/www.dehas.com.tr\/wp-content\/uploads\/2020\/10\/logo.png\",\"width\":200,\"height\":60,\"caption\":\"DEHAS\u00ae\"},\"image\":{\"@id\":\"https:\/\/www.dehas.com.tr\/insaat\/#\/schema\/logo\/image\/\"},\"sameAs\":[\"https:\/\/www.facebook.com\/pages\/category\/Medical-Company\/Dehas-Medikal-Gaz-Teknik-Ltd-\u015eti-130664927073299\/\",\"https:\/\/instagram.com\/dehas_medical\",\"https:\/\/www.linkedin.com\/company\/dehas-medikal\"]}]}<\/script>\n<!-- \/ Yoast SEO plugin. -->","yoast_head_json":{"title":"Hakk\u0131m\u0131zda &#8211; DEHAS\u00ae","description":"Hakk\u0131m\u0131zda DEHAS\u00ae\ufe0f 1998 y\u0131l\u0131nda kurulmu\u015f olup; konut, hastane, otel in\u015faatlar\u0131 konusundan bilgi ve birikimini artt\u0131rarak uzun y\u0131llard\u0131r \u00e7al\u0131\u015fmalar\u0131na","robots":{"index":"index","follow":"follow","max-snippet":"max-snippet:-1","max-image-preview":"max-image-preview:large","max-video-preview":"max-video-preview:-1"},"canonical":"https:\/\/www.dehas.com.tr\/insaat\/hakkimizda\/","og_locale":"tr_TR","og_type":"article","og_title":"Hakk\u0131m\u0131zda &#8211; DEHAS\u00ae","og_description":"Hakk\u0131m\u0131zda DEHAS\u00ae\ufe0f 1998 y\u0131l\u0131nda kurulmu\u015f olup; konut, hastane, otel in\u015faatlar\u0131 konusundan bilgi ve birikimini artt\u0131rarak uzun y\u0131llard\u0131r \u00e7al\u0131\u015fmalar\u0131na","og_url":"https:\/\/www.dehas.com.tr\/insaat\/hakkimizda\/","og_site_name":"DEHAS\u00ae","article_publisher":"https:\/\/www.facebook.com\/pages\/category\/Medical-Company\/Dehas-Medikal-Gaz-Teknik-Ltd-%c5%9eti-130664927073299\/","article_modified_time":"2021-10-07T19:49:29+00:00","twitter_card":"summary_large_image","twitter_misc":{"Tahmini okuma s\u00fcresi":"1 dakika"},"schema":{"@context":"https:\/\/schema.org","@graph":[{"@type":"WebPage","@id":"https:\/\/www.dehas.com.tr\/insaat\/hakkimizda\/","url":"https:\/\/www.dehas.com.tr\/insaat\/hakkimizda\/","name":"Hakk\u0131m\u0131zda &#8211; DEHAS\u00ae","isPartOf":{"@id":"https:\/\/www.dehas.com.tr\/insaat\/#website"},"datePublished":"2020-10-13T09:14:24+00:00","dateModified":"2021-10-07T19:49:29+00:00","description":"Hakk\u0131m\u0131zda DEHAS\u00ae\ufe0f 1998 y\u0131l\u0131nda kurulmu\u015f olup; konut, hastane, otel in\u015faatlar\u0131 konusundan bilgi ve birikimini artt\u0131rarak uzun y\u0131llard\u0131r \u00e7al\u0131\u015fmalar\u0131na","breadcrumb":{"@id":"https:\/\/www.dehas.com.tr\/insaat\/hakkimizda\/#breadcrumb"},"inLanguage":"tr","potentialAction":[{"@type":"ReadAction","target":["https:\/\/www.dehas.com.tr\/insaat\/hakkimizda\/"]}]},{"@type":"BreadcrumbList","@id":"https:\/\/www.dehas.com.tr\/insaat\/hakkimizda\/#breadcrumb","itemListElement":[{"@type":"ListItem","position":1,"name":"Ana sayfa","item":"https:\/\/www.dehas.com.tr\/insaat\/"},{"@type":"ListItem","position":2,"name":"Hakk\u0131m\u0131zda"}]},{"@type":"WebSite","@id":"https:\/\/www.dehas.com.tr\/insaat\/#website","url":"https:\/\/www.dehas.com.tr\/insaat\/","name":"DEHAS\u00ae","description":"","publisher":{"@id":"https:\/\/www.dehas.com.tr\/insaat\/#organization"},"potentialAction":[{"@type":"SearchAction","target":{"@type":"EntryPoint","urlTemplate":"https:\/\/www.dehas.com.tr\/insaat\/?s={search_term_string}"},"query-input":{"@type":"PropertyValueSpecification","valueRequired":true,"valueName":"search_term_string"}}],"inLanguage":"tr"},{"@type":"Organization","@id":"https:\/\/www.dehas.com.tr\/insaat\/#organization","name":"DEHAS\u00ae","url":"https:\/\/www.dehas.com.tr\/insaat\/","logo":{"@type":"ImageObject","inLanguage":"tr","@id":"https:\/\/www.dehas.com.tr\/insaat\/#\/schema\/logo\/image\/","url":"https:\/\/www.dehas.com.tr\/wp-content\/uploads\/2020\/10\/logo.png","contentUrl":"https:\/\/www.dehas.com.tr\/wp-content\/uploads\/2020\/10\/logo.png","width":200,"height":60,"caption":"DEHAS\u00ae"},"image":{"@id":"https:\/\/www.dehas.com.tr\/insaat\/#\/schema\/logo\/image\/"},"sameAs":["https:\/\/www.facebook.com\/pages\/category\/Medical-Company\/Dehas-Medikal-Gaz-Teknik-Ltd-\u015eti-130664927073299\/","https:\/\/instagram.com\/dehas_medical","https:\/\/www.linkedin.com\/company\/dehas-medikal"]}]}},"_links":{"self":[{"href":"https:\/\/www.dehas.com.tr\/insaat\/wp-json\/wp\/v2\/pages\/2571","targetHints":{"allow":["GET"]}}],"collection":[{"href":"https:\/\/www.dehas.com.tr\/insaat\/wp-json\/wp\/v2\/pages"}],"about":[{"href":"https:\/\/www.dehas.com.tr\/insaat\/wp-json\/wp\/v2\/types\/page"}],"author":[{"embeddable":true,"href":"https:\/\/www.dehas.com.tr\/insaat\/wp-json\/wp\/v2\/users\/1"}],"replies":[{"embeddable":true,"href":"https:\/\/www.dehas.com.tr\/insaat\/wp-json\/wp\/v2\/comments?post=2571"}],"version-history":[{"count":2,"href":"https:\/\/www.dehas.com.tr\/insaat\/wp-json\/wp\/v2\/pages\/2571\/revisions"}],"predecessor-version":[{"id":3419,"href":"https:\/\/www.dehas.com.tr\/insaat\/wp-json\/wp\/v2\/pages\/2571\/revisions\/3419"}],"wp:attachment":[{"href":"https:\/\/www.dehas.com.tr\/insaat\/wp-json\/wp\/v2\/media?parent=2571"}],"curies":[{"name":"wp","href":"https:\/\/api.w.org\/{rel}","templated":true}]}}